9 + -2
62
What is the value of (11 - (-1 + -88 + -4)) + -11 + 0 + -11?
82
Evaluate (-38 - (-41 - 9)) + (3 - (3 - -2)).
10
Calculate 8 + (225 - 210 - (2 + 3 + 75)).
-57
Calculate (9 - 8) + -1 - (-9 - -43 - 12).
-22
Calculate (6 - 49) + -8 + 19 + 13.
-19
73 - (167 + -15 + -89)
10
What is -90 + 188 + -93 - (-1 + 10 + -3)?
-1
Calculate 52 - 16 - (132 + (18 - 5)).
-109
What is the value of 152 - (-39 + -47 + 136)?
102
-24 + -91 + (10 - (42 + -40))
-107
What is -115 + (81 - -37) - (-22 + 1)?
24
What is (-10 - (19 + -32) - -21) + 7 + 0?
31
What is -54 - (43 - (8 + 52))?
-37
Evaluate 22 + 36 + -57 + 1 + -14.
-12
Evaluate (-30 - -10 - -36) + -12 + 30 + 4.
38
1 + 21 + -5 - ((-1 - -11) + 77)
-70
What is the value of -8 + (27 - 23 - -26) - -60?
82
(108 - 200) + -109 + 126
-75
What is (-161 - -104) + -64 + 149?
28
What is 52 - (7 + -4 + -10 + 1) - (62 - 52)?
48
What is -50 - (-22 + 3 + (11 - 10 - -11))?
-43
What is the value of 4 + -2 + 1 + 11 - (-58 + (-110 - -176))?
6
What is -41 + 36 + 31 + -5 + 2 + 1 + -3?
21
What is the value of ((-13 - 51 - 6) + 7 - -9) + 6?
-48
Evaluate 2 + (0 - 10 - (-189 + 181)) + 15 + -1.
14
What is the value of -1 + (21 - (3 - (0 + 0 + -1)))?
16
(598 - 596) + 4 + -55
-49
Evaluate -2 + 13 + (17 - (36 - 17)) + -8.
1
What is (-31 + -32 + 50 - (0 + 8)) + 7 - -62?
48
What is the value of 7 + -36 + (-18 - -1) + -166 + 174?
-38
(7 - (7 - 19)) + -4 - (1 - (17 + -11))
20
What is the value of 128 - (70 + (99 - 116))?
75
2 + 12 + -5 - (12 + -9) - (-78 + -8)
92
Evaluate -1 - (1 + 22) - (-69 - (-295 + 225)).
-25
(16 - 33 - -6) + 17 + -4 - -35
37
Evaluate (0 - 3) + -20 - ((1 - 0) + (15 - 9)).
-30
What is (16 - (24 + (-21 + 37 - 19))) + -5?
-10
Evaluate -22 - -3 - (-72 - 27 - 9) - 16.
73
Calculate -17 + -8 + -12 + 30 + -21.
-28
What is (-1 - -32 - (68 + -40 - 23)) + 12?
38
11 + 3 + -3 + -1 + 1 + 7
18
Evaluate -149 + 161 + (165 - 61).
116
Evaluate -1 + 1 + (-49 - -29 - -12) + -45.
-53
Calculate -35 + (25 - (55 - 10)) - -13.
-42
Evaluate 36 + (-7 - -38) + -23.
44
What is the value of 125 - 82 - (-15 + 51)?
7
What is (-15 - (26 - 6 - 29) - (0 - 1)) + 39?
34
What is (278 - 203) + -88 - (0 - 0 - (1 + 3))?
-9
What is the value of 8 + (3 - 2) + (-54 - -23) + 32 + 37?
47
What is 131 + 1 + (6 + -6 - (-99 + 109))?
122
What is -78 + 36 + (25 - 16)?
-33
What is -40 + 35 + -13 - -17 - 10?
-11
Evaluate -8 - (-5 + 2 - -10) - -8 - (0 - 31).
24
What is (-9 - -15) + -50 + (-34 - -17)?
-61
Calculate -80 - (2 + (2 - 2) + (133 - 33 - 102)).
-80
Evaluate -5 + 10 - (-3 + -19 + 4).
23
What is the value of (13 + -61 - -69) + -43?
-22
Calculate -19 + 14 + -145 + 191.
41
Evaluate -46 + -65 + 41 + (38 - 0).
-32
What is -3 + -135 - -29 - -62?
-47
(107 - 9) + -98 - (43 - (0 + -2))
-45
Evaluate -25 + 51 + -48 - 11 - 29.
-62
Calculate 23 - -1 - (-58 + (-81 - -235)).
-72
Evaluate (6 - 3 - (-1 - 2)) + (111 - 170) + 8.
-45
-29 + (57 - (31 - 34)) + (-1 - 2)
28
7 + (-14 + (4 - (-19 + 1)) - (74 + 0))
-59
What is -12 + 2 + (42 + -44 - -27)?
15
Evaluate -94 + (55 - (-23 + 35)).
-51
(-1 - 1 - (79 - -3)) + (64 - 44)
-64
What is -153 - (-331 + 159 + 86)?
-67
What is -36 - 0 - (-6688 + 6604)?
48
4 + -20 - (82 + -64)
-34
Calculate -3 + 88 + 2632 + -2628.
89
(-10 + 12 - ((105 - 13) + -4)) + -1 + 2
-85
What is -17 + 8 - (-32 - -78 - 17)?
-38
What is the value of (-7 + 10 - 7) + -2 + 18?
12
What is the value of 34 + 61 + (4 - 7 - -1 - 7)?
86
(-398 - -433) + 14 + -4 + 28
73
Calculate (-3 - (-14 - -8 - -9 - 3)) + (-1 - -44).
40
(102 - 211) + (-1 + 0 - (7 + 1)) + -2
-120
What is the value of (-235 - -9) + 684 + -595?
-137
What is the value of -340 - -401 - (58 + -3)?
6
(-11 - -1) + (-3 - -4) - (-68 - -76)
-17
What is -154 + 153 + 10 + -1 + -12 + -4?
-8
What is (1 + -41 - (1533 + -1608)) + 39?
74
What is (11 - (-1 + 3)) + (9 - 65 - -9)?
-38
What is the value of -6 - (10 + -30 + 53 + -36)?
-3
Calculate -11 + 9 + 17 + 6 + 38 + -2.
57
What is the value of 9 + -22 + 0 + -16 + -13?
-42
What is the value of (-4 - -48 - -1) + (-2730 - -2716)?
31
What is the value of -96 + (41 - 10) - -14?
-51
What is the value of 3 - 4 - 0 - (-145 - ((-2 - 22) + 9))?
129
What is -1 + (27 - 11) - 5 - (7 - 34)?
37
Calculate (1 - -3) + (-15 + 29 - 12 - 2).
4
Evaluate -575 - -570 - ((-4 - -1) + (3 - 2) + 5).
-8
(8 + 12 - -56) + -82
-6
Evaluate -1 + -21 - (159 - (-77 + (180 - 70))).
-148
What is the value of (-40 - (-22 - -47 - 43)) + 69?
47
What is (4 + -11 - (0 + 13) - -11) + -32?
-41
Evaluate -4 - (49 + -1 + -7 + -9 + 1 + 11).
-48
What is (31 - -1) + (-48 - -14 - -19 - (1 - 9))?
25
What is the value of 22 + -27 - (-40 + (11 - 5))?
29
What is the value of 3 + (0 + 9 - 3) + (518 - 538)?
-11
Evaluate 24 - (25 + -13 - -8).
4
What is the value of -18 - -3 - ((-118 - (-1 + -16) - 19) + 18)?
87
Evaluate (1138 - 1088) + (-19 - 2) + 2.
31
Evaluate 9 - ((12 - 7 - 23) + (10 - 22)).
39
What is the value of (1 + (-13 + 27 - 12) - 8) + -11?
-16
What is 392 + -207 + -163 - (-44 + -1)?
67
Calculate -130 - (51 + -85) - -167.
71
(920 - 876) + (-104 - 5 - 7)
-72
Calculate -41 + 4 + 16 - -12 - (-29 + 3 - 3).
20
What is the value of -47 + 9 + 34 + (1 - -6)?
3
What is the value of (114 - -9 - ((3 - 5) + -67 + 53)) + 1?
140
Calculate ((3 - -5) + -5 - 4) + (61 - -11) + -35.
36
What is -6 + 1 - (40 - (-2 + 1 + 16 + -12))?
-42
What is the value of -72 + 48 - ((21 - 11) + 25)?
-59
What is -18 + 11 + (-32 - -18 - 8)?
-29
What is 66 + -38 + (48 - (28 + -49))?
97
What is -14 + (-2 - -2 - -9) + 36 + -41 - 71?
-81
Calculate (-34 - (-27 + 28 + -24)) + 1 + 11.
1
Evaluate 30 + -9 - 57 - -59.
23
-24 + (16 - (-17 - (-9 + -14))) + 3 + -2
-13
6 - (-1 + 38 - (1238 - 1308))
-101
-49 - (-4 + -36) - (0 - (12 + (-3 - -1)))
1
What is the value of (5213 - 5126) + -2 + 2 + -2 + -13?
72
What is the value of -29 + 3 - (2895 + -2804)?
-117
What is -10 - -38 - (-25 + 9) - (-1 - -2)?
43
What is 499 - 503 - (-10 + -1) - 10 - 49?
-52
What is the value of (-9 - -2) + (-3 - -34)?
24
Calculate -84 + (78 - 75 - -131).
50
What is 8 + (-225 - -124) - 18?
-111
Evaluate (-3 - (-43 - -5)) + (-4 + -11 - 0).
20
Evaluate 6 - (42 - 35) - (-74 - -8).
65
Calculate -15 - ((38 - 14) + 1 + 7).
-47
What is the value of (8 + 0 - 32) + -5 + 2 + -13 + 12?
-28
Calculate (-7 - (-3 + 0 + -74)) + -1.
69
Calculate -4 + 11 + (9 - 10 - -26) + -3 + 4.
33
Evaluate 241 + -149 + 61 + -76.
77
What is the value of -95 - (-99 + -46) - (10 + -1)?
41
Evaluate 6 + (4 - (-11 + 65 + (5 - (7 + 3)))).
-39
(-14 - (15 + 16 + -1)) + 8 + 4 + 1
-31
What is (-62 - 10) + 132 - 62?
-2
What is -51 - -26 - (-7 + -3 - 38)?
23
What is (-6 + -6 - 2) + 1 + 3 - (2 - -43)?
-55
What is (-67 - 5) + 134 - (-2 - 5)?
69
(-45 - (23 - 15)) + ((15 - 5) + -6 - 3)
-52
What is the value of (1 - 3 - -13) + (-6 + -43 - 33)?
-71
2 + -1 + -15 - (-7 + 3 - (-119 + 22))
-107
-8 + 1 - (-3565 + 3630)
-72
Calculate 96 - ((284 - 7) + -109).
-72
What is the value of -22 - (-13 + (16 - 24)) - 7?
-8
What is the value of 164 + -156 + (-3 - (5 - (2 + 2))) + -40?
-36
(-6 - 13 - -19) + (-12 - 10) + -96
-118
What is 11 + -23 + (9 - -2 - (-2 - 2))?
3
What is -85 + 5 + -21 + (-13 + -2 - -42)?
-74
What is the value of 20 + (51 - (-66 - -207))?
-70
What is 6 + 105 + 4 + -43?
72
Evaluate (20 + -19 - 33) + 30 + -141 + -3.
-146
What is the value of -27 - ((2 - 39) + (-156 - -173))?
-7
What is (-7 + 13 + (-17 - -12) - -17) + 56?
74
(-103 - (-10 - -4 - -1)) + (12 - -9 - 8)
-85
What is -26 + 9 + 0 + 131 + -61?
53
Evaluate 392 + (-168 - -39) + -151.
112
What is (-41 - -9) + 82 + -74?
-24
Evaluate -349 + 421 + (-1 - (0 - 4)) - -20.
95
63 + 14 + -51 + (4 - 146)
-116
(-19 - (-4 - -4)) + -10 + 7 + 2
-20
What is 28 + 219 + -218 + (-2 - (-5 + 0))?
32
What is 18 + (-92 - -169) - 118?
-23
Calculate (-137 - (86 - 200)) + 2 + 30.
9
(-5 - (-74 - 11 - 0)) + 5 + -13
72
What is (13 - 6) + -49 - (-3 - (1 + -1 - 5))?
-44
Calculate -7 + 6 + -6 + (-4 - 6) + 69 + -78.
-26
What is the value of (10 - (4 - -15 - 9)) + -8 + -16 + 76?
52
(28 - 51) + 10 + 4 + 86 + -5
72
What is 0 - (-7 - -4) - -21 - ((119 - 49) + -74)?
28
Calculate (-96 - -127) + (-11 - 10) + (-44 - 1).
-35
What is the value of 12 - (527 + -459 + (2 - 5))?
-53
What is the value of (41 - (0 + 2)) + (-6 - -6) + (-17 - -27)?
49
Calculate -36 + (51 - 30) - (0 - -7) - -6.
-16
Evaluate 379 + -365 - (2 + -1) - 32.
-19
What is 14 -